en c is divided by 24?
23
Suppose 0 = j - 2*j + 27. Let d = 23 - 21. Suppose 3*w = c + 16, d*c + 3 = w + 6. What is the remainder when j is divided by w?
6
Let h(y) = 3*y + 0*y**2 + 843 - 853 + y**2. What is the remainder when h(5) is divided by 16?
14
Suppose o - 6 = -0. Suppose i + 51 = 4*i. What is the remainder when i is divided by o?
5
Suppose -2*s - 215 = -1. Let z = s - -135. Calculate the remainder when 107 is divided by z.
23
Let y(g) = 12*g**2 + g. Calculate the remainder when 2/(6/(-15)) + 43 is divided by y(1).
12
Let u = 87 - 51. Calculate the remainder when 97 is divided by u.
25
Suppose -62 = -4*g - 5*h, -4*h = 4*g - 78 + 14. Let i be 26/(1*(-1)/4). Let j = -35 - i. Calculate the remainder when j is divided by g.
15
Let h = 33 + -29. Suppose 3*v - h = -5*d + 9, -4*v - 36 = -4*d. Let m(g) = 3*g**2 + g + 5. Calculate the remainder when m(v) is divided by 13.
10
Suppose -4*x + 3*u + 27 = 0, 0*x - 4*u - 34 = -5*x. Calculate the remainder when 51 is divided by x.
3
Let r = -689 - -194. Let k = r - -854. Suppose 2*u - 240 = -d, 6*u - 3*u = -d + k. Calculate the remainder when u is divided by 24.
23
Let j be 6/30 + (-426)/5. Let u = j + 58. Let z = -8 - u. What is the remainder when 37 is divided by z?
18
Let z(k) = -k**3 - 2*k**2 - k. Let x be z(-3). Let b(g) = -g + 2. Let l be b(x). What is the remainder when ((-4)/l)/(11/1265) is divided by 12?
10
Suppose z = 6*z - 120. Suppose -22 = 3*o - 5*c, -4*c - 9 = o - 30. Let b = o - -8. What is the remainder when z is divided by b?
6
Let c be 24/16*2/(-3). Let a = c + 18. Suppose 0 = a*f - 20*f + 81. Calculate the remainder when 78 is divided by f.
24
Let m = 31 - 16. Calculate the remainder when 70 is divided by m.
10
Let p = -617 - -1254. Calculate the remainder when p is divided by 211.
4
Let w = -56 - -63. Calculate the remainder when w is divided by 3 + (-1)/(-2 + 3).
1
Suppose -3*t - 2*t = 0. Suppose -y - 222 - 216 = t. Calculate the remainder when 45 is divided by y/(-18) - (-2)/(-6).
21
Let q(m) = -m**2 - m + 7. Let u be q(5). Let n be -3 - -1 - -1 - -84. Let d = u + n. Calculate the remainder when d is divided by 31.
29
Suppose 5*a = -3*i + 165, 0*a - 111 = -2*i - 3*a. Suppose 18 = -6*b + i. What is the remainder when b is divided by 5?
2
Let f(n) = n**2 - 8. What is the remainder when f(6) is divided by (-1640)/(-420) + 2 - 4/(-42)?
4
Suppose -8*r + 75 - 35 = 0. What is the remainder when 42 is divided by r?
2
Let v(n) = n**3 + 9*n**2 + 45*n + 143. Calculate the remainder when 162 is divided by v(-5).
0
Let o = -8 + 8. Suppose -j - j + 14 = o. What is the remainder when j is divided by 25/15 - -3 - (-6)/(-9)?
3
Suppose 5*p - 2*c + 37 = 0, -4*p + 9*p + 29 = 4*c. Calculate the remainder when 49 is divided by 2 + ((-101)/p - (-6)/(-27)).
10
Let i = 196 + 29. Calculate the remainder when i is divided by 46.
41
Let v = 595 - 384. Suppose v = 8*u - 133. What is the remainder when u is divided by 9?
7
What is the remainder when 68 is divided by -1*((2 - 3) + -20 + -4)?
18
Let u = 16 - 4. Let l be 20/((-4)/1 + 6). Suppose 136 = -6*d + l*d. What is the remainder when d is divided by u?
10
Let k = -51 - -155. What is the remainder when k is divided by 36?
32
Let r(v) = -v**2 - 16*v + 7. Calculate the remainder when 368 is divided by r(-5).
58
Let v(o) = 3*o**2 + o - 2. Let d be v(2). Suppose 0*n + n = -f + d, -51 = -3*f + 2*n. What is the remainder when 57 is divided by f?
12
Let a = 31 + 64. Calculate the remainder when a is divided by 10/8 - 4826/(-152).
29
Let r(a) = -6*a - 12. Suppose -3*w - 10 = 4*l - 0*l, -2*l - 2 = 3*w. Calculate the remainder when 23 is divided by r(l).
11
Suppose -5*p = -5*n - 15, -5*n + 1 - 16 = 2*p. Let r = n + 11. Suppose -81*o + 77*o = -3*h - 7, 4*h - 8 = o. Calculate the remainder when r is divided by o.
0
Let a = -275 + 294. What is the remainder when 562 is divided by a?
11
Suppose 4*g + 2 - 94 = 0. Let h be (-54)/(-12)*128/(-6). What is the remainder when g is divided by -7*(h/14)/4?
11
Let j be (2 - 3) + 4*1. Suppose -5*q + 5*h + 130 = 0, 140 = 5*q - j*h - 0*h. What is the remainder when q is divided by 11?
9
Let v(h) = -3*h + 9 - 27 - 13*h - h**2. Let u be v(-14). Suppose 4*g = u*g - 30. Calculate the remainder when 9 is divided by g.
4
Let o = -620 - -688. Calculate the remainder when 209 is divided by o.
5
What is the remainder when (1635/(-6))/(35/(-350)) is divided by 11?
8
Let z = -109 + 111. Suppose 2*h - q - 66 = 0, 4*h = h - z*q + 106. What is the remainder when h is divided by 12?
10
Let v(w) = 6*w - 1. Let p be (3/2)/(-2 - 15/(-12)). What is the remainder when v(2) is divided by -1 - p - (5 - 3 - 5)?
3
Let y be (-2)/4*(0 - -2). Let v = 32 - 19. What is the remainder when v is divided by (-17)/34*(-15 - y)?
6
Let p be 1 + (2 + -18)/(-4). Suppose 2*v - 68 = -5*s, 0 = v - 6*v - p. Let k = -8 + s. Calculate the remainder when k is divided by 4.
2
Let i = 661 + -628. Calculate the remainder when 101 is divided by i.
2
Suppose 160 = 4*f + k, 19 + 8 = f - 3*k. Calculate the remainder when 67 is divided by f.
28
Let p(b) = b**2 + 4*b - 8. Calculate the remainder when 14 is divided by p(2).
2
Let n(a) = a + 8. Let l(i) = i**2 + 5*i - 9. Let x be l(2). Suppose 0 = -x*m + 5*j + 80, 6*j - j + 10 = 0. Calculate the remainder when m is divided by n(0).
6
Let i = -2 - -9. Let t(x) = x**2 - 6*x + 2. Let r(u) = -u**2 - 21*u + 27. Calculate the remainder when t(i) is divided by r(-22).
4
Let f(x) = -x - 29. Let b be f(-16). Let d(r) = -2*r - 3. What is the remainder when d(b) is divided by (1/2)/1*16?
7
Let v = -199 - -365. Calculate the remainder when v is divided by 24.
22
Let d(t) = -5*t**3 + 2*t + 1. Suppose -70 = -6*c + 2*c - 3*w, -4*c + 3*w + 34 = 0. Calculate the remainder when c is divided by d(-1).
1
Suppose -11*q = -26 + 1588. Let u = -382 + 140. Let t = q - u. Calculate the remainder when t is divided by 34.
32
Suppose g - 51 = -s, -4*s + 3*g = -289 + 113. Let o = 203 + -117. Let n = -61 + o. Calculate the remainder when s is divided by n.
22
Let g(r) = 36*r - 45. What is the remainder when 372 is divided by g(3)?
57
Suppose 2*o = -4*b + 68, 2*o + 3*b + 33 = 98. Calculate the remainder when 1335/12 + (-2)/8 is divided by o.
27
Suppose 5*i - 5*c = 360, -33 + 30 = -c. Let q = 5 + 0. Suppose 130 = q*u - 0*u. Calculate the remainder when i is divided by u.
23
Suppose 4*w = 5*t + 37, -t - 8 = -w - 0. Suppose -w*z + 6*z = 15, -z = -c + 22. Calculate the remainder when 105 is divided by c.
24
Let o be (74/6)/(3/36). Suppose 44 = p - 2*j + 6*j, -4*j = -3*p + o. Calculate the remainder when p is divided by (2/6)/((-2)/(-102)).
14
Let o(k) = k**2 + 3*k + 2. Let v be o(-2). Suppose v*w = w - 13. What is the remainder when 20 is divided by w?
7
Let s(n) = 86*n**2 + 70*n - 356. What is the remainder when s(5) is divided by 13?
12
What is the remainder when 42 is divided by (23 - 3) + (-4)/(-2)?
20
Let q = -7 + 5. Suppose 2*l - 3*g - 37 = 0, 0 = -5*l - g - 7 + 57. Let d = q + l. What is the remainder when 17 is divided by d?
8
Let u(p) = 78*p**2 + 3*p - 3. Let w be u(1). Suppose 48 + w = 6*m. Calculate the remainder when 122 is divided by m.
17
Let q(n) = -2*n**2 - 37*n + 25. Suppose 0 = 11*g + 226 - 17. What is the remainder when 19 is divided by q(g)?
1
Suppose -i - 2*i = 9, 3*u - 4*i = 54. Suppose -h + 0*h = -4. Suppose 6 = h*q - 10. Calculate the remainder when u is divided by q.
2
Let p(v) = -3*v - 36. Let o be p(-13). Suppose -5*g + o*u + 160 = -g, 0 = -5*g + 3*u + 200. Calculate the remainder when 158 is divided by g.
38
Suppose 4*c = -4*d + 80, 4*d + 119 = 4*c + 23. Let v = 221 - 70. Calculate the remainder when v is divided by c.
19
Suppose 5*c = -0*c + 105. Let z = -20 + 23. Suppose -2*k = z*t - 3, 9 = 3*k - 4*k - 5*t. What is the remainder when c is divided by k?
3
Let i(q) be the second derivative of -7*q**5/4 + q**4/12 + q**3/6 - 10*q. What is the remainder when i(-1) is divided by (4/6)/(12/342)?
16
Let y(u) = u**2 - 4*u + 19. What is the remainder when y(20) is divided by 57?
54
Let h(p) = -53*p + 4. Let i be h(-1). Let g = 86 - i. Suppose s - 26 = 30. What is the remainder when s is divided by g?
27
Suppose -5*k - 3*s = -318, -k + 5*s = 33 - 91. What is the remainder when 70 is divided by k?
7
Let m(t) = -t**2 + 4*t + 65. Calculate the remainder